-34
What is 18 + (0 - (-12 - (12 + -31))) + 13?
24
What is (2 - -64) + (3 + 89 - 111)?
47
What is the value of 6 + (19 - (4 + -19) - 22) + 16?
34
Calculate (7 - 16) + (13 + (-4 - 7) - (-5 - 4)).
2
Evaluate (30 - 2) + (1 - 32) - -37.
34
What is the value of (-832 - -786) + 3 + -69?
-112
Calculate 1 + -9 - (-16 - (11 - 16)) - -28.
31
What is -2 + 82 - (9 + 31 - 22)?
62
Calculate -1 - 14 - ((77 - 2) + -159).
69
What is 51 - (-9 + 19 + -1 - -3 - (2 - -20))?
61
What is the value of (2 - 33 - 52) + 120?
37
What is 3 + (-74 - (-16 + -22 + 19))?
-52
What is the value of (-6 - -6 - -7) + 4 + -7 + 2?
6
What is the value of (55 - (13 - 15)) + 4 + -3?
58
What is (12 + 8 + (-7 - 17) - -4) + 1?
1
What is the value of (-127 - -24) + (-44 - -118)?
-29
What is the value of 110 + (2 - -17) + (455 - 496)?
88
Calculate ((14 - (5 - 63) - -10) + 9 - 10) + -6.
75
2715 + -2656 + -2 + -12
45
Calculate 56 + -51 - 41 - -20.
-16
What is the value of (2 - 7) + 64 + (-13 - 8)?
38
What is the value of 16 - ((146 - 75) + 27)?
-82
-28 + 38 - (-78 + 60)
28
12 - ((2 - (-4 + -4)) + -30 + 75)
-43
28 - -1 - (8 + 97 + -83)
7
What is (-49 - (-5 - (21 - 8))) + 99?
68
What is -47 + 2 + 6 + 6 + (2 - 6)?
-37
Evaluate 8 - (-4 + 4 + (-5 - ((-4 - -1) + 2))).
12
What is the value of -84 + 103 + -110 - (-11 + 1)?
-81
Calculate 38 - (130 + (-60 - -10)).
-42
294 + -192 + -139 + 1 + (-2 - -2)
-36
Evaluate 1 + 41 + -2 + (11 - 16 - (-146 - -134)).
47
Calculate -3 - 10 - ((5 - -59) + -31).
-46
What is the value of 37 + (-6 - 2 - (-12 + 12 + -19 + 14))?
34
(71 + -187 - -75) + 138
97
Evaluate 86 + -206 + 202 + -15.
67
Calculate 0 + -10 + -5 + -63 - -30.
-48
What is 8 + (-8 - -2) + (21 - 16) + 14 + 93?
114
Calculate -237 + 198 - (-43 + -4).
8
What is the value of -11 + -21 - (-44 + 23)?
-11
What is the value of 18 + 86 + (-61 - 84)?
-41
What is -492 - -494 - (-1 - -6 - -2) - 34?
-39
What is the value of 21 - (-18 + 40 + -7 + 54)?
-48
(0 - 2 - -7) + -3 - (-32 + 1 - -8)
25
Calculate -11 - 0 - (-15 - -29 - -21).
-46
Calculate (14 + 8 - 7) + -13 + -6 + (-4 - -3).
-5
Evaluate 22 + -41 + (73 - 49) + 0 + -11.
-6
Evaluate -19 + -2 - (-122 + 25 + 45).
31
What is the value of (-6 - -3 - (-2 + 18 + -7) - -10) + 9?
7
Evaluate -35 + 24 + -37 + -2 + 24.
-26
55 + (2 + -8 - (29 - 27)) + (9 - 3)
53
Evaluate 34 + 32 - 59 - 2.
5
-8 + (282 - 260) + 6 + -2
18
Calculate -40 - 0 - ((-3 - 51) + 75).
-61
Evaluate (7 + -1 - 32) + (4 - 0 - 8) + -5.
-35
Calculate 40 - (-8 - ((-7 - 26) + 9)) - (-7 + -8).
39
What is the value of -2 - (-8 + 18) - (-106 + 94)?
0
Evaluate -4 - (-4 - -128) - (1354 + -1391).
-91
What is the value of 63 + -79 + 14 + (1 - -12) + 0?
11
What is the value of -2 - (-44 + (-13 - -14))?
41
Evaluate 1 - (4 + (5 - 17) + -6 + 36).
-21
Calculate 38 + (20 - 30) - (-5 + (17 - 2)).
18
Calculate 1 - 5 - (-2 + -5) - (35 + -14 + -5).
-13
What is the value of -830 + 821 + 4 + (-2 - 26)?
-33
What is 85 + (-297 - (-263 + 149))?
-98
Calculate 5 - 0 - -8 - ((-11 - -80) + -11).
-45
Evaluate (-69 - (-20 - -44)) + 52.
-41
Evaluate -20 + (135 + -143 - (2 - (8 - 1))).
-23
37 + 19 + (-8 - -3) + 13
64
82 + 101 - 183 - (44 + (1 - -2 - 2))
-45
What is -308 + 305 - (8 + 32)?
-43
Evaluate (6 - (-22 + 12)) + -22 + 56.
50
3 + (31 + -21 - -11 - 7 - (-2 - 11))
30
-40 + 43 + 13 + 9
25
104 + 2 + (-15 - (-1 - 0))
92
What is the value of 5 + (-32 - (-18 + 9)) + -17?
-35
57 + (19 - (-19 - -84) - -21)
32
What is -5 - ((27 - 13) + 21 + -25 - (0 + 109))?
94
What is the value of -4 + (-6 + 4 + 37 - 7) + 10?
34
What is the value of (0 - (1 + 6 + -7) - -8) + 23?
31
What is 961 + -973 - (-84 + -5)?
77
Evaluate 1181 + -963 - (-1 - -88).
131
Evaluate 37 - 1 - (108 + 5 - 113).
36
Evaluate 6 + 0 + -886 + 865.
-15
What is (1 - -10) + -6 - ((-3 - 0) + -16)?
24
What is the value of -6 + 11 + -18 - (-37 - -27)?
-3
Evaluate -11 + -37 - (-25 - 11).
-12
-4 + 85 + -70 + (3 - (67 - 5))
-48
Evaluate -2 + -38 + 276 + -232.
4
Calculate (104 - -5) + -8 + (1 + 0 - 16) + 6.
92
What is 8 - (-11 + -15 + -10 + -10 + -35 + -4)?
93
Evaluate -13 + (11 - (-27 + 16)) + 8.
17
What is -4 - 5 - (-9 + -24 + -7)?
31
Calculate -12 + (2 - 12) - (76 + -146).
48
Calculate -10 + 3 + (-86 - (-10 + 6)) + 10.
-79
Evaluate 1 + 99 + -69 + 43.
74
What is 1 + -42 + (-12 - -28 - (63 - 43))?
-45
Calculate -2 - (-7 + -75 - (-8 - (-26 + 2))).
96
Evaluate -26 + 3 - (160 - 128).
-55
What is -37 - ((0 - 11) + -22 + (-15 - -29 - -17))?
-35
6 - (15 + (11 - -98) + (0 - (1 - 16)))
-133
(-87 - -105 - 60) + -23
-65
Evaluate -99 - -99 - (-7 + (5 + -3 - -2)).
3
Evaluate -9 + (11 - 34 - (7 - 7 - -8)).
-40
(-43 - -34 - 5) + 23
9
What is the value of (-20 + -9 - (0 - -7) - -6) + 6?
-24
What is (4 - (-31 + (9 - 8)) - -4) + -8?
30
Evaluate (170 - 60) + -143 + 35.
2
Evaluate 1 + -45 + (1343 - 1287).
12
Calculate -18911 - -18934 - (62 - 1).
-38
What is the value of 35 - (60 + -64) - (4 - (1 + 11))?
47
Calculate (15 - -10) + (-6 - 1) - (114 - 138).
42
What is 5 + 19 + 10 - 77?
-43
22 + (108 - (-54 + 91))
93
What is -8 - (-20 + 1 + 2) - (8 + -4 - 41)?
46
Evaluate -1 - 57 - -59 - -3.
4
Calculate 29 - ((12 - (-9 - -4)) + 0).
12
What is the value of 30 + (141 + -139 - (2 - 1 - (-2 + 5)))?
34
Evaluate 44 - (-10 - 5) - 5 - (23 + -6).
37
Evaluate -107 + 106 - (-1 + -20) - (-108 - -10).
118
What is the value of 20 + (-43 - -7) + 8 + -61?
-69
What is the value of (21 - ((-13 - -5) + 4)) + -72?
-47
(-5 - (-3 - -2)) + -1 - (-401 - -397) - 12
-13
Evaluate 38 - ((-13 - 1) + (2 - (-12 - -4))).
42
What is the value of -65 + 46 - (9 + 4)?
-32
Calculate 34 - (-4 + 26) - (0 - 62 - 1).
75
What is the value of 5 - (2 + -6 + -2 + 2 + -16 + -10)?
35
Calculate 3 - ((64 - 26) + -36).
1
What is (31 - 21 - 21) + (-18 - -12 - 9)?
-26
Evaluate 84 - 13 - 58 - (-3 + 2) - 65.
-51
52 + (-1 - (8 - (16 - 18)) - -7)
48
-22 + (-56 - -34) + 16
-28
Evaluate -3 + 8 - -38 - (2 + -5 + 11 - 10).
45
Calculate -85 + 86 - (-8 + -19 + 15 + -2 + 3).
12
What is the value of 45 + -50 + 53 - 58 - (1 + -129)?
118
Evaluate (10 - ((5 - 0) + -5 + -4)) + -88.
-74
What is 122 + (-91 - -51) - 125?
-43
-260 + 195 + 69 - (1 - (1 + 11 - -1))
16
What is the value of -32 - 3 - (862 - 878)?
-19
What is (-120 - -135 - (2 - (1 - 30))) + 15?
-1
What is the value of 23 + 2 - 5 - (966 + -885)?
-61
What is the value of 10 - ((23 - -16) + 19)?
-48
What is the value of 4 - (0 + (-57 - (-15 + -2)))?
44
What is (16 - (-8 + 5 + 7)) + (-37 - 37 - 48)?
-110
Calculate 3 + 2 + -12 + -3 + 36 + 4 + 5.
35
What is the value of 21 + (15 - 13 - -19) + -121?
-79
What is 74 + -65 + 3 + 0 + -24?
-12
What is the value of 761 + -650 - (122 - -7)?
-18
Evaluate 38 + (203 - 88) + -107.
46
What is the value of (0 - -13 - (-8 + -18)) + -93?
-54
-2 - (0 + -5 + -3 + (21 - (13 + -40)))
-42
What is the value of (-11 - 57 - 11) + 45?
-34
What is the value of (-2 - 0) + (38 - (43 - 9)) + -36?
-34
Calculate (-108 + -44 + 7 + 16 - -15) + -10.
-124
Evaluate 1 + (-60 - -27) + 63.
31
Calculate 0 + 5 + -20 - (-2 - 55 - -60).
-18
What is -16 - -19 - 2 - (-32 + -11 + 14)?
30
2 + (6 - -6 - (-3 - (-10 - 2)))
5
What is 1 + -12 - (825 - 881)?
45
Calculate ((-10 - -21) + 4 - 2) + 11 + (2 - 9).
17
What is the value of 49 - ((-5 - (29 - 39)) + 15)?
29
(192 - 136) + (-25 - (-10 + 4))
37
Evaluate (-9 - -10) + 1 + (25 - 7).
20
41 - (43 - 28 - 15)
41
Evaluate -11 + 3 + (-86 - -37 - (-14 + 0)) + 6.
-37
What is -25 + -51 - (-92 + 8)?
8
What is -63 - 2 - (-6 - (-53 - -23))?
-89
What is 1 - 85 - ((115 - 83) + -54)?
-62
15852 - 15832 - (-1 - 90)
111
Evaluate (13 + -38 + 7 - (0 + -13)) + -3.
-8
What is the value of (-91 - (-62 + -38)) + (-1 - 92)?
-84
Evaluate 31 - (232 + -132) - 39.
-108
What is the value of -98 + -4 + (-16 + 8 - -17) + -1?
-94
-407 + 368 + (-5 - -1) - (-1 - -1)
-43
Calculate -70 - -138 - (49 + -25).
44
-55 + 61 + -27 - -51
30
Calculate -592 + 619 - (14 - -1).
12
Calculate 35 - -3 - 106 - (-8 - (8 + -5)).
-57
Evaluate 0 + 85 + (16 - -32 - 66) + -9 + 1.
59
Evaluate -1 + (21 - (18 - (-10 + 9 + 10))).
11
What is the value of 17 - ((115 - 122) + (1 - 1))?
24
Calculate -441 + 431 + (1 + -1 - 1) + -12.
-23
What is -79 + 19 + (-26 - -50 - 26)?
-62
What is 3 + 0 - (-118 + 98 + 25) - 106?
-108
What is the value of (1 - 32 - (-27 - (-2 - 13))) + (-1 - -9)?
-11
14 - 1 - (21 + 11 + -33 - 9)
23
What is (39 - -82 - 53) + -88?
-20